3*r + 2 = -0*u, 0 = -a*u - 5*r + 4. Let h(v) = 1 - 3*v + 3*v - 4*v + u*v. Calculate h(-1).
3
Let v(h) = 5*h + 8. Let g be v(-2). Let j(f) = f**2 - 5*f + 2. Let b(l) = -l**2 + 5*l - 3. Let u(r) = g*j(r) - 3*b(r). Give u(5).
5
Suppose 9 + 0 = -h. Let i(s) = 3*s**3 + 4*s**2 - 9*s - 13. Let m(x) = -7*x**3 - 6*x**2 + 17*x + 23. Let g(u) = 5*i(u) + 2*m(u). Calculate g(h).
-1
Suppose 17*k - 5907 = -807. Suppose -23*m - 24 = -k. Let t(w) = -w**2 + 13*w - 9. Calculate t(m).
3
Let d(i) = -11*i - 302. Let g be (-1600)/1000*(0 + 17 - (-2)/4). Give d(g).
6
Suppose -4*p = 79 - 219. Suppose -p*o = -38*o - 3. Let u(v) = -11*v. What is u(o)?
11
Let z = 14 + 1. Let o(l) be the second derivative of -l**5/20 + 7*l**4/6 + 17*l**3/6 - 29*l**2/2 - 5100*l. Determine o(z).
1
Suppose -22 = 2*s + 4*l - 2*l, 0 = -5*s - l - 39. Let r be 2/(-6) + 2*143/39. Let p(a) = r + 0 - a + 11 - 28. What is p(s)?
-3
Suppose 6*f = 3*o + 27, -3*o + 170*f - 6 = 167*f. Let j(w) = 6*w - 37. Give j(o).
-7
Let u(f) = 2*f**2 - 321*f + 3402. Let v be u(149). Let p(a) = -a**2 - 38*a - 325. Calculate p(v).
0
Let u(h) = h**3 - 5*h**2 + 2*h + 3. Let p = -37 + 40. Suppose -p*l - 4*x - 2 = -34, 0 = -5*l + x + 15. Calculate u(l).
-5
Let c(g) = 15*g**2 - 212*g + 30. Let o be c(14). Let m(r) = -r**2 - 15*r + 29. Determine m(o).
-5
Suppose -15*s - 829 = -949. Let k(o) = o**3 - 8*o**2 + 7*o - 13. Calculate k(s).
43
Let b(o) = o**2 + 6*o - 7. Suppose -4*c - 2940 = 6*c. Let s = c + 288. Give b(s).
-7
Let d be (-4 - -5)*(0 + 1). Let v(q) = 1. Let x(s) be the first derivative of -3*s**2/2 + 4*s + 42. Let t(f) = d*x(f) + 4*v(f). What is t(7)?
-13
Let h(c) = -3 + 6*c - c**2 - 6*c. Let l(w) = 56*w - 60. Let z be l(-4). Let i = -284 - z. Give h(i).
-3
Suppose 3*j - p = -0*p + 8, -13 = -5*j + 2*p. Let r(y) = 94*y - 4*y**2 - 96*y + j*y**2 + y**3. Let k = 9 + -7. Calculate r(k).
0
Suppose 0 = 3*i - 2*x + 34, -i - x = 3*x + 30. Let q be (-4)/i + ((-312)/(-21))/4. Let z(k) = 6*k + 5*k**2 - 17*k + q + 0*k**3 + k**3 + 16*k. What is z(-4)?
0
Let b(z) = 11*z - 253. Let t(n) = 6*n - 111. Let s(r) = -6*b(r) + 13*t(r). What is s(-7)?
-9
Suppose -w = -5*i - 208, 78 = -2*i - 2*w + 2. Let t = i - -43. Suppose -t*z + 2*d - 24 = -4, -4*d + 10 = 2*z. Let n(c) = -c**3 - 3*c**2 + 6*c + 7. Give n(z).
27
Let i be 3/(-13 - 19/((-190)/120)). Let s(c) be the second derivative of c**5/20 - c**3/3 + c**2/2 - c. What is s(i)?
-20
Suppose -37*k - 72 = -46*k - 9. Let c(f) = -f**2 + 4*f - 11. Determine c(k).
-32
Let u(i) be the third derivative of -3*i**4/8 + 9*i**2 - 1390. Let x = 0 - 1. Determine u(x).
9
Let r(c) = -31*c**3 + 38*c**2 + 11*c - 11. Let f(a) = 4*a**2 - 6*a - 4*a**2 + 17*a**3 + 6 - 20*a**2. Let o(z) = 11*f(z) + 6*r(z). Determine o(-8).
0
Let o(j) be the third derivative of j**6/120 + 29*j**5/60 - 29*j**4/24 + 17*j**3/3 - 2307*j**2. Give o(-30).
4
Let k(m) be the second derivative of m**4/12 + 2*m**3 + 11*m**2/2 - 22*m. Let l = -267 - -256. What is k(l)?
0
Let c(l) = 6062*l**3 + 6*l - 6061*l**3 + 400 - 391 - 9*l**2. Determine c(4).
-47
Let u be (-8)/((-16)/(-39)) - (-3)/(-2). Let d be 86/(-7) - ((-99)/u + -5). Let k be 11 + d - (0 - 0). Let y(z) = -7*z. Determine y(k).
7
Let y(o) = -6*o**3 - 9*o**2 - 18*o + 4. Let w(x) = -1 - 10*x + x**2 - 6*x**2 + 5 - 3*x**3 - 2. Let j(q) = -7*w(q) + 4*y(q). What is j(2)?
-30
Let o(g) = -102*g**3 - 46*g**2 + 81*g + 111. Let n(x) = 29*x**3 + 15*x**2 - 27*x - 37. Let y(j) = 7*n(j) + 2*o(j). What is y(10)?
-7
Let t(n) be the first derivative of -1/3*n**3 - 5/2*n**2 - n + 423. Let j = 1 + -5. Calculate t(j).
3
Let h(b) be the first derivative of -b**5/120 - 5*b**4/24 - b**3/3 + 80*b - 30. Let n(z) be the third derivative of h(z). Determine n(0).
-5
Let v(q) = 10*q + 9. Let z be v(7). Suppose 14*a = z - 9. Let h(f) = -f**2 + 1. Calculate h(a).
-24
Let y(d) = 3*d - 14 - 14*d + d + 6*d + 6. Let h be (-1)/(1 - 2/4). Let f be y(h). Let t(q) = -q**2 + 5. What is t(f)?
5
Suppose 2*a - a = 3*k - 927, 4*k - a - 1237 = 0. Let r(o) = -626 + o + k + 328 + 2*o. Calculate r(-8).
-12
Let v(w) = -w**2 + 4*w + 2. Suppose -5*n = 5*g - 515, -4*g + 8*g - 511 = -5*n. Suppose 0 = 2*d - 111 + n. Determine v(d).
-10
Suppose 2*a = -5*c - 3 - 16, c - a = -1. Let u be (11*-1)/((-1840)/(-370) + -5). Let g(y) = 816*y + 3 - 410*y - u*y. Calculate g(c).
6
Let j(f) = -22*f - 120. Let a(m) = -41*m - 224. Let v(u) = 15*a(u) - 28*j(u). Suppose -t - 4*t - 25 = 0. Determine v(t).
-5
Suppose -8*w + 6*w = 0. Let p be 38 - w/(-3) - -4. Let t be (-6)/(-21) - 264/p. Let b(l) = -l**3 - 6*l**2 - 3*l - 7. Determine b(t).
11
Let g(h) = h**2 - 3*h + 1. Let f(x) = -2*x + 1. Let l(q) = -2*f(q) + g(q). Let p be -12*(-3 + 5/2). Let j be (-2)/(-3) - (-2)/p. Determine l(j).
1
Let f(m) = -m + 5. Let p = -13 + 15. Let w(r) = r**3 - 3*r**2 + 3*r - 2. Let q be w(p). Suppose q = h + 6 - 11. What is f(h)?
0
Let z(o) = -o**2 - 6*o + 10. Let f(r) = -r**2 + 23*r + 16. Let l be -4*(2 + 4)*-1. Let t be f(l). What is z(t)?
-6
Let c = 20 - 16. Suppose -c*i + 278 = -b, -344 + 1 = -5*i - b. Let z = -68 + i. Let o(g) = 12*g**3 + g. Give o(z).
13
Let m(a) = 7*a**3 + 7*a**2 + a + 5. Let z(c) = 8*c**3 + 7*c**2 + 2*c + 8. Let b(n) = 7*m(n) - 6*z(n). Calculate b(-6).
53
Let s(w) = -2*w - 17 - 581*w**2 + 580*w**2 + w. What is s(-6)?
-47
Let l(y) = -4*y**3 - 19*y**2 + 12*y + 13. Let q(n) = -n**3 - 2*n**2 - n + 1. Let w(b) = l(b) - 3*q(b). Give w(-14).
-4
Let l(u) = -u + 12. Suppose 8*j + 131 = 3*j - 3*s, -3*j = 3*s + 81. Let d be j*(-5)/(-10)*2. Let w = d + 32. Calculate l(w).
5
Suppose u - 46 = 2*c - 40, -3*c - 2*u - 2 = 0. Let h(y) = -6*y - 1 - 9*y + 11*y. Calculate h(c).
7
Let g(i) = -298 - 55*i - 9*i + 101 + 109*i - 18*i + i**2. Determine g(-33).
1
Let h(i) be the first derivative of i**4/12 - 3*i**3/2 + 7*i**2/2 - 9*i + 19. Let f(y) be the first derivative of h(y). Calculate f(6).
-11
Suppose 0 = 3*b + 8 - 2. Let n(r) = 3*r - 3. Let p(d) be the first derivative of -d - 30. Let f(j) = b*p(j) + n(j). Give f(3).
8
Let s(v) = -v**2 + 29*v + 97. Let u = 3740 + -3708. What is s(u)?
1
Let s(f) = 114*f + 4. Let z(y) = 101*y + 4. Let n(w) = -8*s(w) + 9*z(w). Let d(v) = -3*v. Let q be d(-1). What is n(q)?
-5
Let p(u) = -u**2 + 7*u - 6. Let t be p(8). Let n(o) = -2288 - 9*o + 2288 + 23*o + o**2. Give n(t).
0
Let h(x) = x**2 + 11*x + 6. Let k be h(-10). Let d = 339 - 315. Let s be 4/d - k/((-96)/(-164)). Let b(w) = w. Determine b(s).
7
Let j(p) be the third derivative of -p**7/2520 + p**6/720 - p**5/10 + 43*p**4/8 + 2*p**2 - 43*p. Let y(h) be the second derivative of j(h). Calculate y(0).
-12
Suppose -v = -0*v - 3. Let h(z) = -3*z - 1. Let q(i) be the second derivative of -3*i**3/2 + i**2/2 + 143*i. Let g(u) = -2*h(u) + q(u). Calculate g(v).
-6
Let v(h) = -766 + 23*h**2 - 22*h**2 - 7*h + 759. Give v(5).
-17
Suppose 0*g + 75 = 5*g. Suppose -g = -25*r + 20*r. Suppose -v = -5*q - 22, 0 = -2*v - 0*v + r*q + 16. Let k(l) = l**3 - 2*l**2 + l. Give k(v).
2
Suppose -4*a + 11 = -1. Let r(p) = p + 3*p - 3*p**a - 2*p**2 + 2*p**3. Suppose -c - 15*m = -10*m + 8, 2 = -2*m. Determine r(c).
-3
Suppose 74 - 9 = 13*g. Let z(i) = -2*i - 12. Let p(w) = 12 + w - 2*w + 2*w. Let r(o) = 5*p(o) + 4*z(o). Calculate r(g).
-3
Let s be 128/48*(-3)/(-4). Let l(f) be the first derivative of 36 + 3*f - f**s - 1/3*f**3. Calculate l(-3).
0
Let f(n) = -n**3 + 11*n**2 - 19*n + 11 + 13*n - 14*n + 7*n. What is f(10)?
-19
Let g(r) = -5*r**3 - 9*r**2 - r - 4. Let p(m) = 4*m**3 + 9*m**2 + 2*m + 4. Let k(c) = 3*g(c) + 4*p(c). Let v(n) = -41*n + 1427. Let j be v(35). Calculate k(j).
28
Let n(w) = -w**3 + 3*w**2 - w. Suppose -l + 22 = -3*p, -l - p = 3*l - 36. Suppose -7*a + l*a = 2*c + 3, -4*c = a - 15. Determine n(a).
-3
Let p(y) = -3*y - 9. Suppose -6*h = -20*h - 9548. Let f = 673 + h. Determine p(f).
18
Let c(g) = -19*g - 19. Let j(p) = -12*p - 12. Let s be 1/15 - 2975/(-375). Let r(f) = s*j(f) - 5*c(f). Calculate r(-9).
8
Let x(f) = -f**3 + 8*f**2 + 5*f - 4. Suppose 3*n - b + 12 = -84, b = 2*n + 64. Let k be (1 - (-15)/10)*n/(-10). Calculate x(k).
36
Let m(h) be the first derivative of h**4/4 + 17*h**3/3 + 15*h**2/2 + 5*h + 925. Give m(-16).
21
Suppose -16 = 5*b - 1. Let t = 12 + b. Suppose 2*o = r - 9, -r = -0*r + 4*o + t. Let d(q) = q**2 - q - 2. Give d(r).
4
Let m(r) = 2*r**2 - 5*r + 4. Let a = -369 - -294. Let